*2 + m - 1. Is w(4) prime?
False
Suppose -20 = -2*z - 2*z. Let h(o) = 0*o**2 - 3*o**2 + z*o**2 - 5 + 6*o**2 + 2*o. Is h(5) composite?
True
Let g be 13/(-26)*(-1 - 1015). Let u = g - -79. Is u a composite number?
False
Let g be 64/((1/2)/(-1)). Is -3 + 2 - 1*g a composite number?
False
Let z = -25 + 56. Suppose 15 = 3*g - 0*g. Suppose z = 2*w + g. Is w a prime number?
True
Suppose q + 878 = 3*q. Is q composite?
False
Suppose 0 = 3*m - 2032 - 1301. Is m prime?
False
Suppose v = -d + 4, -8 = 3*v - 4*v - 2*d. Suppose 0 = -2*z + y - 2, 6*z - 2*z + y - 8 = v. Suppose -q + 32 = z. Is q prime?
True
Suppose 2*n - 160 = 4*o, -3*o - 2*n + 0*n = 106. Is (o/8)/(8/(-64)) a composite number?
True
Suppose -i + 40 = 9. Suppose -2*w + i = -w. Is w prime?
True
Suppose 0 = 3*b + 2*q - 16613 - 2382, b = -4*q + 6325. Is b composite?
True
Let u(i) = -9*i - 6. Let d be u(6). Let m = 187 + d. Is m a composite number?
False
Is (697/(-2))/((-12)/24) a composite number?
True
Let r(v) = 5*v**3 + 2*v + 1. Let c be r(-1). Is 3860/(-15)*c/4 prime?
False
Let p(d) = -d - 4. Let k be p(-5). Let q be (-2 + (2 - k))*-6. Suppose 3*m = q*m - 165. Is m a prime number?
False
Suppose -6 = -2*r - 2. Let x be (-3)/(9/(-30))*r. Is (12/16)/(1/x) composite?
True
Suppose -4*d + 600 = u, -5*u = -3*d - d + 576. Is d prime?
True
Let h be 466*(2 - 9/6). Suppose 0*x - x + 3 = 0, -2*w = -3*x - h. Is w a composite number?
True
Let v(c) = -10*c - 10. Let h be v(-9). Suppose -j = -h - 11. Is j composite?
True
Let o be 87/(-2)*24/(-9). Is o + 4/(-3 - 1) a prime number?
False
Suppose -3*n = -5*z + 2, -11 = -4*n - 3*z - 4. Is (114 + 3/(-3))/n a prime number?
True
Let g(s) = -s**3 - 4*s**2 + 6*s - 3. Let o(f) = 6*f**3 - f - 1. Let d be o(-1). Is g(d) a composite number?
True
Let i = -344 + 679. Is i composite?
True
Suppose 3*z = -2*z + 750. Suppose -z = -a + 143. Is a a prime number?
True
Is (-11)/(2/762*-3) a composite number?
True
Let s = -7 - 0. Is s - -270 - 0/(-1) composite?
False
Let w(j) = j**3 + 6*j**2 + 3. Let c be (-6)/15 - 56/10. Let o be w(c). Suppose -7*z + 2*z = b - 323, 185 = o*z + 5*b. Is z a prime number?
False
Suppose 4*w - 9 = 43. Is w composite?
False
Let r = 1035 + -728. Is r a prime number?
True
Let m = 11 + -7. Suppose 3*b = 3*a + 9, 3*b - m*a - a = 9. Suppose 54 - 201 = -b*t. Is t composite?
True
Suppose 2 = -b + 2*b. Suppose 0 = b*a - 0*a - 212. Is a composite?
True
Let m(o) = o**2 + 3*o - 9. Suppose -4*l + 1 = -3. Let v be (-1)/1*(l + 6). Is m(v) prime?
True
Let g(a) = 2*a**2 + 11*a - 5. Is g(-8) prime?
False
Let h be ((-6)/9)/(1/3). Let y be (h + 2)/(2/1). Suppose -4*l + 58 - 14 = y. Is l a prime number?
True
Let y be (1 - -42*2) + -1. Is (22/3)/(8/y) prime?
False
Let r be (210/(-9))/(6/(-27)). Suppose -4*h + r = -3*s + 794, 5*h = 4*s - 920. Is s a prime number?
False
Let p = 49 - -18. Let a = p + 2. Suppose 0 = 2*l + 3 - a. Is l a composite number?
True
Suppose 0 = 3*y - n + 22, -5*y + n - 10 = 6*n. Is (15/(-10))/(y/1028) prime?
True
Let h be 0/(-5) + 944/1. Suppose -y - 3*y - 632 = -2*g, 3*g = 2*y + h. Is g a composite number?
True
Let n = 127 - 83. Let i = 109 + -8. Let p = n + i. Is p composite?
True
Suppose 2*u + 1 = 5. Suppose 5*h = u*o - 4*o - 16, 2 = -4*h + 2*o. Is 41/4 - h/(-8) prime?
False
Suppose 2*z + 1826 = 3*x + 107, -4*x = -4*z - 2296. Is x composite?
False
Let j(t) = -5*t**2 + 1. Let p(o) = 4*o**2 + o - 2. Let g(a) = 3*j(a) + 4*p(a). Let h be g(-5). Suppose h = -3*f + 14 + 25. Is f a composite number?
False
Let r(z) = 73*z**2 - z + 1. Is r(-2) composite?
True
Let c(w) = -w**3 - w**2 - 2*w + 149. Let i(h) = -h**2 + 3*h + 4. Let k be i(4). Is c(k) a prime number?
True
Let o be 32/12*(-18)/4. Let f be 1/3 + (-20)/o. Is f/6 - (-40)/6 a prime number?
True
Let x(u) be the first derivative of 1/3*u**3 + 1/2*u**2 + 89*u - 4. Is x(0) composite?
False
Suppose -9*c = -4*c - 4975. Is c a prime number?
False
Let b(m) = 3*m**3 + 4*m**2 - m. Let d be b(5). Let u = d + -320. Suppose 0 = -2*z - 0*z - 3*t + 95, -u = -3*z - 3*t. Is z a prime number?
False
Suppose 4*t - 3004 = -224. Is t prime?
False
Let q(a) = -2*a + 1. Is q(-16) prime?
False
Suppose 54 = -2*a + 2. Let d be 994/3 - 3/9. Let i = a + d. Is i a prime number?
False
Is (127/(-3))/((-4)/12) composite?
False
Suppose 0 = 3*d + 10 - 373. Is d composite?
True
Let t(v) = 3 + 2*v**2 + 4 - v**2 + 2*v. Let m be 3/(-12) + 41/4. Is t(m) a prime number?
True
Suppose 5*s + 90 = 5*r, 0*s - 8 = -r - 4*s. Let d = -24 + r. Is 1/4 + (-534)/d a prime number?
True
Is 1502/(7/((-14)/(-4))) a composite number?
False
Let w(j) = j**2 + 4*j - 3. Let f(k) = -2*k + 3. Let n be f(4). Let c be w(n). Suppose s = -2*s - 2*y + 12, c*s - 3*y = 21. Is s a composite number?
True
Suppose -2*i - 19 = -v, 0*i - 2*v = 5*i + 43. Let w(c) = c**3 + 8*c**2 - 10*c - 13. Let o be w(i). Is 3/((o/10)/(-2)) a composite number?
True
Is ((-1)/1)/((-14)/32662) a composite number?
False
Suppose -h - h + 2174 = 0. Is h a composite number?
False
Let s be (18/(-12))/((-6)/16). Let n(q) = q**3 - q. Let z be n(-1). Suppose 3*k = 2*k - 3, -l - s*k + 7 = z. Is l a prime number?
True
Let g(t) = -t**3 + 11*t**2 - 9. Is g(10) composite?
True
Let w = -35 + 25. Let p = w - -19. Is p composite?
True
Suppose 0 = 3*x + 4*f - 97, -5*x + 153 = 2*f - 4*f. Suppose -3*m + x = -206. Is m prime?
True
Suppose 2 = -2*o, -f + 5*o = -3*f + 317. Is f composite?
True
Let o = -1677 - -2774. Is o composite?
False
Let j be 5 + (1*-2 - -4). Suppose 3*g = j - 1. Suppose -g*t = 3*t - 75. Is t a prime number?
False
Suppose -4*g - 36 = 4*x, -5*g + 4*g = 2*x + 4. Let n be (-4)/g - 522/63. Is ((-37)/(-2))/((-4)/n) prime?
True
Let y(u) be the second derivative of -u**4/12 + u**3/2 + 4*u**2 - 2*u. Let i(k) = 2*k**2 - 7*k - 15. Let l(t) = 3*i(t) + 5*y(t). Is l(-6) prime?
True
Suppose 2323 = 5*d - 4132. Is d composite?
False
Let y(t) be the first derivative of 115*t**4/4 + t**2/2 - t - 3. Is y(1) a prime number?
False
Let v be ((-2)/6)/(-1)*-9. Let c(p) = -2*p**3 + 5*p**2 + 4*p + 2. Is c(v) prime?
True
Let j(t) = 2*t. Let x be j(3). Let s be 13/3 + (-2)/x. Suppose z - 2*z - 508 = -4*i, s*z = -5*i + 635. Is i a prime number?
True
Let f(c) = 8*c**2 - 3*c - 4. Suppose 0 = -6*y + 2*y + 12. Is f(y) a composite number?
False
Suppose 5*i - 984 + 329 = 0. Is i a prime number?
True
Suppose 4*q - 16 = -4*s, s + 11 + 0 = -4*q. Suppose -62 = -o - s. Is o prime?
True
Is 485 + 2/(-4)*-4 prime?
True
Let r = 53 + 5. Is r a composite number?
True
Let q(a) = 49*a - 1. Suppose 3*l = 8*l - 10. Is q(l) prime?
True
Suppose 36 + 41 = -j. Let o = 131 + j. Is -3 + (-1)/((-1)/o) a prime number?
False
Let i be (-4)/(-10) - 28/(-5). Suppose 2*t + g - 14 = 0, -3*t = -i*t - 5*g + 7. Is 137/t + 4/(-18) composite?
True
Let r = -22 + 32. Suppose -4*v + 2*v + r = 0. Suppose v*l - 1 - 154 = 0. Is l prime?
True
Suppose -2*u - 346 = -4*w, 0*w = -w + 3*u + 94. Is w prime?
False
Suppose 0*m - m + u + 2 = 0, -5*m - 14 = 3*u. Let h(y) = -62*y. Is h(m) a prime number?
False
Let f(r) = -7*r + 11. Suppose -3*o + 48 = -3*j, -5*o - 4*j = -91 + 20. Suppose 3*q + 9 = -o. Is f(q) a composite number?
False
Suppose -111*h = -115*h + 268. Is h a prime number?
True
Let w be 4/3*21/14. Suppose w*d = -s - 0*d + 6, s = d. Is (-186)/(-2) + s*1 prime?
False
Let z(l) = -l. Let j be z(-3). Let t(n) = -47*n + 1. Let v be t(j). Is v/(-3) + 2/6 composite?
False
Suppose -4*f + 3 = 3*b + 2, 0 = -2*b + 5*f + 16. Is (68/1 + b)/1 prime?
True
Suppose -6*b + b = -455. Is b prime?
False
Let n be (2/(-4))/(2/16). Is (-2)/(-1) - 572/n composite?
True
Let d(t) be the second derivative of 86*t**4/3 + t**3/6 + t**2/2 + t. Let i be d(-1). Let u = i + -217. Is u prime?
True
Let v = 31 + -18. Let b(p) = -p**3 - 10*p**2 - 7. Let i be b(-7). Is (v/(-2))/(7/i) prime?
False
Let l(q) = q - 4. Let g be l(4). Suppose g = 3*f - 7*f. Suppose f = -3*u + 2*i + 111, 5*u + i - 166 = -2*i. Is u composite?
True
Let u be (-10)/(-2) + (-5 - -3). Suppose 4*o + 0 - 12 = 3*t, -u*t + 5*o - 15 = 0. Suppose t = -7*l + 2*l + 95. Is l a prime number?
True
Suppose 0 = 11*w - 8831 + 2528. Is w a prime number?
False
Suppose 3*a - 147 = -3*c, 2*c - 142 = -3*a - 0*c. Let z = 98 - 175. Let x = a - z. Is x a composite number?
True
Let s(n) = 3*n**3 + 2*n**2 - 2*n + 1. Let x be s(1). Let f be (5 - x)/((-1)/(-2)). S